+ l - 7 + 2*s**2. Determine a(1).
2
Let b be (-6)/(5 - -1) - -6. Let a(q) = 0*q**2 + q**2 - 3*q - 8 + 2. Determine a(b).
4
Let v(c) = -3*c - 13*c**2 + 4*c**2 + 3*c**2 + 7*c**2 - 2. Calculate v(6).
16
Let y(p) = -p**3 - 5*p**2 + 7*p - 1. Let m be y(-6). Let b(x) = -x**3 - 6*x**2 + 8*x + 5. Give b(m).
-2
Suppose 13*o - 8*o = 0. Let c(b) = -3*b**2 + b + 2 + 0*b**2 + b**3 + 4*b**2. Give c(o).
2
Let f be (6/(-10))/(1/(-5)). Suppose -5*a + 18 = -f*a. Let m(p) = p - 9. What is m(a)?
0
Let a(u) = u**3 + 5*u**2 - 6*u + 3. Let q be a(-6). Let n(g) = -6 + q*g + 4*g - 2*g**3 + 3*g**2 + g**3. Determine n(4).
6
Suppose 25 = 2*a + 3*a - 3*s, 0 = 3*a - 5*s - 31. Let y(q) = -6*q - 2. Let l(d) = 7*d + 3. Let z(i) = -5*l(i) - 6*y(i). Determine z(a).
-1
Let m be (1 - 1)/(-1 + 0). Suppose m = -3*p - 0*p + 12. Let d(h) = h**3 - 5*h**2 + 2*h + 3. Calculate d(p).
-5
Let l = 1 + 0. Suppose 0 = z - l. Let x(j) be the third derivative of -7*j**5/60 - j**4/24 - 4*j**2. What is x(z)?
-8
Let l(v) = -4*v + 5*v - 3*v. Let z(r) = -13*r**2 - 11*r + 1. Let o be z(-1). Give l(o).
2
Let f = 4 - 4. Let y = f + 2. Let g(b) = -b**3 + b - b**2 - 2 + y*b**2 + 0*b**2. Give g(2).
-4
Let g(c) = -15*c + 1. Let a be 2/(-4) - (-60)/40. Give g(a).
-14
Let n(o) = o**2 - 5*o + 1. Let b = -4 + 1. Let u be -10 - b*(0 + 1). Let s = -3 - u. Determine n(s).
-3
Suppose 4*i - 8 - 4 = 0. Let n(h) = i*h - h - 7 + 20. Let d be n(-9). Let m(l) = l**3 + 6*l**2 + 4*l + 1. Determine m(d).
6
Let v(m) be the second derivative of 0 - 1/2*m**3 + 1/6*m**4 + 4*m - 1/2*m**2. What is v(-2)?
13
Let i(n) = 10*n**3 + 5*n**2 + 2*n + 9. Let r(b) = -5*b**3 - 2*b**2 - b - 4. Let x(u) = 4*i(u) + 9*r(u). Calculate x(1).
-4
Let l = 0 + 1. Suppose -3*j + l + 2 = 0. Let r(k) = 5*k - 1. Calculate r(j).
4
Suppose 3*t - 2 = f - 7, 0 = -3*f - 2*t + 4. Let v(l) = -4 - l**2 + 1 + 3*l + l**3 - 5*l**f + 3*l**2. Let u be 5*(1 + 3/(-5)). Give v(u).
-1
Let y(o) = -2*o + 3. Let x be y(6). Let l = 13 + x. Let u(j) = -1 + 0*j - 2*j + 3*j. Determine u(l).
3
Let l = -6 - -7. Let p be (-2)/((-1 - 1) + l). Let s(k) = -k**2 + 4*k - 2. Calculate s(p).
2
Let f(q) = -5*q + 16. Let v(k) = -2*k + 5. Let x(t) = -4*f(t) + 11*v(t). What is x(-6)?
3
Let r(i) = -5*i + 23. Let p(b) = -b + 6. Let w(o) = 9*p(o) - 2*r(o). Let m be w(-6). Let c(n) = 0*n**3 - 2*n**2 + 4*n**2 - n**m - n**3 - 6 + n. What is c(0)?
-6
Let f(c) = c**2 + 7*c + 13. Let g(m) = 3*m**2 + 20*m + 38. Let v(p) = 17*f(p) - 6*g(p). Determine v(0).
-7
Let z(j) be the first derivative of -j**3/6 - j**2 - j - 3. Let r(o) be the first derivative of z(o). Suppose 0 = 3*l + l. What is r(l)?
-2
Let b(q) be the second derivative of q**3/6 - 5*q. Give b(0).
0
Let n(t) = -t. Let d(c) = c**2 + 8*c - 4. Let i(a) = d(a) + 5*n(a). What is i(-5)?
6
Let n(d) = -7*d**3 - 3*d**2 - 4*d - 11. Let y(q) = 20*q**3 + 9*q**2 + 11*q + 32. Let j(u) = -17*n(u) - 6*y(u). Give j(-4).
3
Let j be (-88)/(-66)*(-6)/4. Let k(p) = -p**2 - 3*p - 2. What is k(j)?
0
Let i(x) be the first derivative of x**4/4 - x**3/3 - x**2/2 + 3*x - 17. Give i(0).
3
Let o(u) = 0*u + 22 - 32 + 9 - 2*u + 2*u**2. Calculate o(-1).
3
Let h(k) = 2*k - 1. Let p(z) be the first derivative of 3*z**2/2 - 2*z + 3. Let n(x) = -5*h(x) + 3*p(x). Determine n(3).
-4
Let m be 40/7 + 2/7. Let s(b) = -2*b + 12. Let z(i) = 4*i - 27. Let a(c) = -5*s(c) - 2*z(c). Determine a(m).
6
Suppose 0 = 4*y - 6*y - 6. Let r be y - 1 - -4 - 1. Let c(a) = -a**2 - 1. Determine c(r).
-2
Let n(x) = x**2 - 3*x**2 + 0 + 1 - 2*x. Suppose 2*y + 3*o - 8 = 0, y + 2 = 5*o - 7. Calculate n(y).
-3
Let g(d) = -5*d + 4. Let o be (-8)/(-8)*1*7. Let s(n) = -9*n + 7. Let x(m) = o*g(m) - 4*s(m). Let w be (-2)/6 + 3/9. Determine x(w).
0
Suppose 16 = 3*k + 1. Suppose k*p + 12 + 3 = 0. Let r(b) = b**2 + 6*b + 5. Let x(j) = j**2 + 6*j + 6. Let o(g) = 5*r(g) - 4*x(g). Calculate o(p).
-8
Let u(q) = -3 - 2*q + 3*q - 8 - 2*q. Give u(0).
-11
Let u(k) = 3*k - 1. Let b(i) be the first derivative of -i**2/2 - 7*i - 4. Let w be b(-8). Determine u(w).
2
Let x(v) = v**3 - v**2 - 1. Let f(n) = 11*n**3 - 4*n**2 - 2*n - 5. Let a(m) = -f(m) + 4*x(m). Calculate a(-1).
6
Let r(b) = b**2 - 8*b + 4. Suppose -2*s - 3*m + 12 = -m, 0 = 4*s + 2*m - 20. Let n be (s + -6)*7/(-2). Determine r(n).
-3
Let k(v) be the second derivative of -v**4/12 - v**3 - 6*v. What is k(-7)?
-7
Let o(s) = 7*s**3 - 17*s**2 - 2*s - 7. Let x(c) = -3*c**3 + 8*c**2 + c + 3. Let n(y) = 4*o(y) + 9*x(y). What is n(-2)?
5
Let y(h) be the second derivative of -h**4/12 - h**3/3 + h**2/2 - 8*h. Calculate y(-2).
1
Let f(r) = -4*r - 1. Let y(g) = -g - 1. Let b(x) = -f(x) + 6*y(x). Let m = 32 + -36. Determine b(m).
3
Let d(w) = w**2 + 8*w + 2. Let p(s) = s**2 + 5*s + 3. Let n be p(-3). What is d(n)?
-13
Let o(i) = i**3 + 3*i**2 - 4*i - 3. Let q(u) = -u**3 - 4*u**2 - u - 8. Let x be q(-4). Determine o(x).
-3
Let r(o) = o + 1. Suppose 3*w = 6 + 3. Suppose -5*u = -2*u - 30. Suppose -k - 4*k = v + u, -w*k + v = 6. Determine r(k).
-1
Let o(l) be the third derivative of -l**5/60 + l**4/4 + l**3 + 2*l**2. Give o(6).
6
Let c(g) be the third derivative of 0*g - 8/3*g**3 + g**2 + 1/6*g**4 + 0. Let l(q) = q - 5. Let h(z) = -5*c(z) + 16*l(z). Calculate h(-2).
8
Let f(h) = h**3 + 5*h**2 + 5*h + 3. Suppose 5*w + 3 - 18 = 0. Suppose -w*m - 4*q = 5, 0*m + 13 = -4*m + q. What is f(m)?
6
Let p(u) = u**3 + u**2 - u + 4. Let b(i) = -i**3 + 24*i**2 - 22*i - 23. Let l be b(23). Give p(l).
4
Let h(g) be the second derivative of -g**4/12 - 2*g**3/3 - 5*g**2/2 + g. Let y(m) = -6 + 10*m**2 + 2 - m**3 - 4*m**2. Let z be y(6). Determine h(z).
-5
Let m(d) be the first derivative of -d**5/20 + d**4/4 + d**3/3 - 2*d**2 + d - 5. Let j(h) be the first derivative of m(h). Calculate j(3).
2
Let j(n) = -n**2 - n + 2. Let s(b) = -3*b**2 - 2*b + 6. Let v(a) = -8*j(a) + 3*s(a). Suppose -3*k + 6 + 0 = 0. What is v(k)?
2
Let n(u) = -7*u - 6*u**2 + 20*u - 7*u - 2 + u**3 + 0*u**3. Give n(5).
3
Let l(c) be the third derivative of c**4/24 + c**3/3 + 44*c**2. Determine l(-1).
1
Let z be (-2 + 0)/((-3)/(-6)). Let h(u) be the third derivative of -u**6/120 - u**5/12 - u**4/4 - 5*u**2. What is h(z)?
8
Let u = 23 - 7. Suppose 5*m + u = -f - 0*m, -4*f + 2*m = -24. Let o = f + -3. Let d(t) = -3*t - 1. Determine d(o).
-4
Let s = -2 - -5. Let i be 28/5 + s/(-5). Let n(y) = 5*y**2 + 12*y + 2. Let m(z) = -z**2 - z - 1. Let o(f) = -6*m(f) - n(f). Determine o(i).
-1
Let v(o) be the third derivative of 0 - o**2 - 1/12*o**4 - 1/120*o**6 + 1/15*o**5 + o**3 + 0*o. Let s be (-76)/(-18) + (-6)/27. Calculate v(s).
-2
Let t(b) = -8*b - 3. Let x(n) = 9*n + 4. Let h(u) = 4*t(u) + 3*x(u). Give h(-2).
10
Let z(j) = j**3 + 6*j**2 + 2*j + 6. Suppose -16 = -p - 3*p, 4*o - 5*p = -44. Determine z(o).
-6
Let p = 2 - -2. Suppose -k = 3*k - 8. Let c(r) = 6 + 3*r - k*r - 3*r. What is c(p)?
-2
Let f(n) = -3 - 3*n + 2*n + 9. Calculate f(0).
6
Let q(s) = -s + 1. Let z be 3*((0 - -3) + -4). What is q(z)?
4
Let d(h) = -8*h + 11. Let n(b) = 0 - 3*b - 4 + 5 + 3. Let s(f) = -4*d(f) + 11*n(f). What is s(3)?
-3
Let x(p) = 5*p**3 - 11*p**2 + 3*p - 3. Let h(o) = -11*o**3 + 23*o**2 - 5*o + 5. Let r(b) = 4*h(b) + 9*x(b). Determine r(6).
-1
Let r(u) = -2. Let j(i) = -11*i - 8. Let f(o) = -5*o - 4. Let n(q) = -13*f(q) + 6*j(q). Suppose -7 - 14 = -3*z. Let v(t) = z*r(t) + 3*n(t). Give v(-3).
7
Let v(k) = 2*k. Let l be v(1). Let h(y) = l - 2 + 6 - 1 + 4*y**2 + y**3. Calculate h(-4).
5
Suppose -29 = -5*w - x - 0, -3*x = 2*w - 22. Let m(u) = 4*u**2 - w*u**2 + 2 + u**3 + 3*u - 4*u. What is m(0)?
2
Let k(q) = q**3 + 3*q**2 - 8*q - 5. Suppose -2*c - 5*i + 3 = -2, 4*i = -5*c - 13. What is k(c)?
-15
Let x(r) = r**3 - 2*r**2 - 2*r + 3. Let j(d) = -d**2 - 10*d - 6. Let p be j(-9). Give x(p).
6
Suppose -3*q - 48 = -5*q. Suppose -2*w + 18 = -y - 7*w, -3*w - q = 5*y. Let n(b) = b + 4. Give n(y).
1
Let v(o) = -2*o**2 + 1. Suppose -5 = -5*g - s, 0*s + 3*s + 23 = 4*g. Calculate v(g).
-7
Let u = -3 + 6. Let p(i) = -2*i + u*i**2 - 1 + 5*i**2 - 2*i**2. Calculate p(-1).
7
Suppose -5*y - 16 = -1. Suppose -2 = -4*k + 2. Let w(f) = -4*f - k - 5*f - 3*f**2 + 7*f - f**3. Give w(y).
5
Let s(p) = -9 + 7*p - 4*p - 4*p. Determine s(-5).
-4
Let a(t) = -t - 1. Let v(k) = k**3 - 5*k**2 + k + 2. Let y be v(5). Let h be a(y). Let g = 5 + h. Let i(f) = f**2 + 3*f - 3. Give i(g).
-3
Let